r**2 + 4 + 2*r - 24*r**3 - 4*r. Suppose -5 = 5*j, j + 3*j + 10 = 2*y. Calculate f(y).
-2
Let w(o) = -2*o - 16. Let h be w(-8). Let p be (h + 0)/(12/12). Let i(f) = -f**3 - f + 8. Determine i(p).
8
Suppose 0 = -53*v + 58*v. Let n(x) be the third derivative of -x**5/60 - 2*x**3/3 - x**2. Give n(v).
-4
Let g(z) = -z**2 - 10*z - 7. Let l = -24 + 16. Determine g(l).
9
Let a(l) be the third derivative of -5*l**4/24 - l**3/6 - 2*l**2. Let b be -1*(3 + -9 + 5). What is a(b)?
-6
Let q(c) be the third derivative of -5/24*c**4 + 1/120*c**6 + 0 + c**3 + 0*c + 1/15*c**5 + 2*c**2. What is q(-5)?
6
Let q(v) = -3*v**2 - 7*v - 5. Let z(n) = 3*n**2 + 6*n + 4. Let b(a) = -3*q(a) - 4*z(a). Let u = 2 - 4. Calculate b(u).
-7
Let q(p) = -p - 4. Suppose 4*f = -f - 75. Let j = -18 - f. Give q(j).
-1
Let z(x) be the third derivative of -x**5/60 + x**4/24 - 5*x**2. Determine z(-1).
-2
Let y(g) = 3*g + 7. Let l(x) = 16*x + 35. Let j(k) = -2*l(k) + 11*y(k). Calculate j(-3).
4
Let a(x) = -4*x + 5*x + 2 - 1 + 1. Let m = -2 - 0. Let c(k) = k + 3. Let i(j) = m*c(j) + 3*a(j). Give i(-4).
-4
Let c(i) be the third derivative of i**4/24 - 7*i**3/6 - 11*i**2. Calculate c(9).
2
Let c be (-4 + 3)/((-2)/(-6)). Let v(p) = -p**2 + p - 1. Let f(h) = -41*h + 39*h + 4 + 6*h**2 - 3. Let g(d) = -f(d) - 5*v(d). Determine g(c).
4
Let z = 7 + -5. Let y(h) = 2*h + 14. Let d be y(-6). Suppose -q - z = d. Let r(j) = j - 3. Calculate r(q).
-7
Let u = 1/9 + 5/9. Let y(n) be the second derivative of -u*n**3 - 1/12*n**4 - 3*n**2 - 4*n + 0. Calculate y(-4).
-6
Let h(t) be the second derivative of -t**6/360 + t**5/40 + t**4/24 - t**3/3 - 2*t. Let a(u) be the second derivative of h(u). Give a(3).
1
Suppose 4*c = 10 - 2. Let s be (-3)/6*c*1. Let k(o) = -o - 1. Calculate k(s).
0
Let d(q) = -3 + q + 5*q - 2*q - 8*q - q**2. Calculate d(-3).
0
Let z(o) = o**2 + 14*o + 21. Let h be z(-13). Let v(r) = r**2 - 6*r - 11. Calculate v(h).
5
Let s(j) = j. Let q = 32 + -28. Let m(k) = 3*k. Suppose 2*t = -3*t - 5. Let g(o) = q*s(o) + t*m(o). Calculate g(6).
6
Let z(i) = -i**2 - 5*i + 3. Let x be z(-5). Suppose 7*h = -2*k + 2*h - 15, x*k + 3*h = 0. Let d(f) = -f + 9. Determine d(k).
4
Let s(m) = -m**3 - 4*m**2 - m + 4. Let w be 1 + 4 + 0 + -2. Suppose -w = -j + 13. Suppose -n = 3*n + j. Determine s(n).
8
Let u(q) = 0*q**2 - q**2 + q - 4 - 2*q. Let r = -27 + 27. Determine u(r).
-4
Let o(d) = -d - 1. Let n be (-4 - -6)*(-1)/(-2). Let m be (-1)/((n - -3) + -3). Determine o(m).
0
Let t = 9 - 3. Let p be (-1)/(-3) + 4/t. Let c be (-15)/(-5)*-1*p. Let b(w) = w**3 + 3*w**2 - 2*w - 3. What is b(c)?
3
Let b be 1/(-2) + 2/2. Let a(o) be the second derivative of 3/2*o**2 + 0 - b*o**3 + 4*o. What is a(2)?
-3
Let f = 6 + -12. Let p be (7/21)/(1/f). Let u(v) = -2*v**3 + v - 2. Determine u(p).
12
Suppose 0 = -4*r + 7*r + 12. Let j(b) = -5*b**2 - 10. Let c(t) = 9*t**2 + t + 19. Let s(z) = 4*c(z) + 7*j(z). Calculate s(r).
6
Let k(r) = -5*r**2 - 13*r + 14*r + r**2. Let h = 1 - 4. Let f be ((-2)/(-6))/(h/9). Determine k(f).
-5
Let k(x) = -x**3 + x**2 + 2*x - 4. Let j(y) be the third derivative of y**5/60 - y**2. Let s(i) = 5*j(i) - k(i). Give s(-5).
-11
Suppose 5*l + 55 = 5*s, -5*l - 8 - 2 = 0. Let z = s - 10. Let w(m) = -m**2 - m + 5*m**3 + m**2 - 1 + m**2. Determine w(z).
-4
Let a(q) = 2*q**2 - q + 1. Let m(y) = y**3 - y + 1. Let l be m(1). Let h = l - 0. Let v = h + 0. Determine a(v).
2
Suppose 16 = m - 5*t, 2 = -m + 2*t + 6. Let q = -1 + m. Let x(h) be the third derivative of -h**5/60 - 5*h**4/24 + h**3/6 + 3*h**2. Give x(q).
1
Let w(c) = c**2 - 3 + 3 - 2*c**2 - 6*c + 10. Let l = -23 - -16. Let d be w(l). Let o(k) = -k**2 + 6*k. Calculate o(d).
9
Let k(u) be the third derivative of -u**5/30 - u**4/12 - u**3/3 - u**2. Suppose -3*v - 4*c + 0*c - 14 = 0, -2*c - 14 = 5*v. Calculate k(v).
-6
Let x(r) = -6 - 9 - 13 + r + 23. Suppose -2*n + 3 = -7. Calculate x(n).
0
Let d(m) be the second derivative of -m**5/20 - m**4/12 + m**3/2 - 3*m**2/2 + 25*m. Give d(-3).
6
Let k(r) = -r**3 - 9*r**2 - 4*r + 10. Let q be k(-8). Let b = -29 - q. Let n(i) = -i - 9. What is n(b)?
-2
Suppose 2*o = -0*o + 24. Let l(y) = -y - 16 + o - y + 5*y**2 - y**3. Calculate l(3).
8
Let c(j) = 2*j**3 - 2*j**2 - 3*j + 7. Let p(k) = 3*k**3 - 3*k**2 - 5*k + 11. Let i(d) = -8*c(d) + 5*p(d). Determine i(0).
-1
Let m(n) = 118 - 118 - 15*n + 11*n. Suppose -32 = 4*w - 4*l - 12, 5*w + 3*l - 7 = 0. Calculate m(w).
4
Let b(a) be the first derivative of -a**3/3 + 7*a**2/2 - 5*a - 12. Suppose 3*g - 16 = -g. Determine b(g).
7
Let v(x) = -3*x + 6. Let l(s) = 3*s**2 + s. Let d(t) = 8*t**2 + 4*t. Let j(z) = -6*d(z) + 17*l(z). Let a be j(5). Let g be (-19)/(-5) - (-8)/a. Calculate v(g).
-6
Let h(b) = 10*b**2 - b. Let z be -4 + (1 - -2) + 3. Suppose -4*o + 34 = z. Suppose -3*m - 5 = -o*m. Calculate h(m).
9
Let t(z) = -4*z**2 - 6 + 0*z + 2*z**2 + z**2 + 7*z. Determine t(6).
0
Suppose -10 + 0 = 5*v. Let n(k) = -k**3 - 5*k**2 - 2*k. Determine n(v).
-8
Suppose z - 6*z = -15. Suppose -m - z = 2*m. Let i(g) = 5*g**2 - 4*g - 2. Let l(a) = -3*a**2 + 2*a + 1. Let v(r) = 3*i(r) + 7*l(r). Give v(m).
-7
Suppose 0 = w - 4*w. Let r(q) = -q**3 + q**2 + q + 1. Let n = -6 - -7. Let g(x) = -2*x**3 + 3*x**2 + 2*x - 1. Let c(f) = n*g(f) - 3*r(f). Give c(w).
-4
Let m(z) = 19*z**2 + 1. Let o be (2/(-5))/(-2 - 96/(-40)). Calculate m(o).
20
Let g = -11 - -9. Let x(q) be the second derivative of 0 - 3*q + 1/3*q**3 - 1/2*q**2. Determine x(g).
-5
Let m(s) = s**3 - s**2 - 4*s + 3. Let d = -8 - -12. Let g be 4/(-18) + 22/18. Let b = d - g. Determine m(b).
9
Let i be (-20)/(-6) + 2/3. Suppose i*h - 12 = h. Let u(q) = -2*q**3 + 3*q**3 + 3*q**2 - h*q**2. Determine u(2).
4
Let j(n) = -n + 9. Let x(k) = -k**2 + 15*k - 9. Let v be x(14). Give j(v).
4
Let s(i) be the second derivative of 1/6*i**4 + 0 - 2*i**2 + 1/3*i**3 + 4*i. What is s(-3)?
8
Let j be (0 + -1)*-2*1. Suppose -j*p + 6*p = 24. Let b(g) = g**2 - 6 - 8*g - 8*g + 10*g. Give b(p).
-6
Suppose -n - 13 = -4*z - 2*n, -26 = -5*z + 2*n. Let t(p) = -p**3 + 5*p**2 - 5*p + 1. Give t(z).
-3
Suppose -z + 2*u = -10 + 1, 5*u = -3*z - 6. Let h(m) = 5*m + z*m**2 + 3*m**3 + 3*m**2 - 7 + m**2 - 2*m**3. Determine h(-6).
-1
Let p(h) = -h - 5. Let n be p(-5). Suppose n = -4*c - 20. Let u = c + 9. Let l(z) = -2*z + 4. Determine l(u).
-4
Let f(c) be the third derivative of c**6/120 - c**5/60 + c**4/8 - c**3/2 - c**2. What is f(2)?
7
Let b = -16 - -21. Let z(o) = -6*o**3 - 6*o**2 + 4*o + 3. Let l(w) = 7*w**3 + 7*w**2 - 5*w - 2. Let n(h) = b*l(h) + 6*z(h). What is n(0)?
8
Let m(k) = -5 + 4 + 4*k - k**3 - 4*k**2 - 5. Let h be m(-5). Let l = h + 2. Let n(z) = -8*z**2 - 1. Calculate n(l).
-9
Let m(j) = -4*j + 1. Let s(n) = n. Let z(t) = -m(t) - 5*s(t). Calculate z(0).
-1
Let l(o) = o**2 - 3. Let v be l(-2). Let j(t) = 11*t**3 - t**2 - t + 1. Determine j(v).
10
Let j(o) = -o**2 + 5*o. Let s(c) = c + 8. Let h be s(-4). Let k be j(h). Let g(v) = v**3 - 4*v**2 + v - 5. Give g(k).
-1
Let q(x) = 0*x + 1 - 2*x - x. Suppose -3 = -s, 0*s - 2*s = 2*p - 10. Suppose -p*d = 3 - 5. What is q(d)?
-2
Let u(o) = 7*o**2 - 5*o + 1. Let l(t) = -15*t**2 + 10*t - 2. Suppose 46 = -3*b + 7. Let c(s) = b*u(s) - 6*l(s). What is c(4)?
3
Let g(b) be the third derivative of b**5/60 + b**4/4 + 2*b**3/3 + 24*b**2 - 2. Give g(-4).
-4
Let p(u) = 2 - 6 + 10*u + 3. Determine p(-1).
-11
Let u(x) be the third derivative of -x**5/60 - x**4/24 - 2*x**3/3 - x**2. Suppose -q + 1 = -0. Let t = -2 - q. Determine u(t).
-10
Let p(n) = -n**2 + 5*n. Let a(o) = o**3 + o**2 + o + 1. Let h be a(-2). Let d = 9 + h. Suppose -4 = -d*i + 16. What is p(i)?
0
Suppose -5*r + 5 = -5. Suppose -r*f + 11 = i, i + 3*f - 23 = -2*f. Let c(d) = 1 - d**3 - 3*d**2 + 4*d**3 - 2*d**3 - 2*d. Determine c(i).
-5
Let q(p) = p + 7. Let k be q(-6). Let m(d) = 6*d + k + 1 - 3. Determine m(1).
5
Let z(s) = -3 - 4 + 0 + s. Suppose -1 + 10 = 3*u. What is z(u)?
-4
Let z(q) = q + 2. Let o be z(3). Suppose -5*j = -3*w - 2*w - o, 5*w - 13 = -j. Let i(v) = -v - 3*v**3 + 2*v - 2*v**2 + w + 4*v**3. Determine i(2).
4
Let i(o) be the first derivative of -o**2/2 - 5*o - 6. Let v be i(-2). Let h(g) = 2*g**2 + 5*g + 4. What is h(v)?
7
Let h(u) be the second derivative of 0 + 1/3*u**4 - u - u**3 + 1/20*u**5 - 3/2*u**2. Determine h(-5).
2
Let j = -64 + 67. Let b(w) = w - 2. Gi